007850?
False
Does 45 divide 130452525?
True
Is 24413400 a multiple of 54?
True
Is 224 a factor of 137561984?
True
Does 28 divide 34053908?
True
Is 6 a factor of 14211358?
False
Does 3 divide 198012533?
False
Is 7 a factor of 70734572?
False
Does 9 divide 18958023?
True
Is 41867820 a multiple of 2070?
True
Is 3 a factor of 1064009877?
True
Does 3399 divide 295460284?
False
Is 900 a factor of 103806657?
False
Does 434 divide 936400570?
True
Is 17031907 a multiple of 248?
False
Is 2035998920 a multiple of 63?
False
Does 878 divide 640519753?
False
Is 48 a factor of 119349346?
False
Is 13 a factor of 19247852?
True
Is 8421028 a multiple of 77?
True
Is 8375366 a multiple of 2052?
False
Is 42 a factor of 82266912?
True
Is 41889274 a multiple of 14?
True
Does 342 divide 15904250?
False
Is 2002 a factor of 6266425?
False
Is 58139974 a multiple of 73?
True
Is 5301 a factor of 2191428099?
True
Is 1246180317 a multiple of 381?
False
Does 6 divide 50883270?
True
Does 8 divide 125083664?
True
Does 16 divide 61563933?
False
Is 461 a factor of 52755804?
False
Is 2972989432 a multiple of 26?
False
Does 1298 divide 220539286?
True
Is 4982 a factor of 155668989?
False
Is 33116969 a multiple of 9?
False
Is 2585412027 a multiple of 81?
True
Is 19304615 a multiple of 6?
False
Is 15391876 a multiple of 9?
False
Does 510 divide 487740726?
False
Is 28067580 a multiple of 45?
True
Is 607 a factor of 3398860080?
True
Is 595357962 a multiple of 43?
True
Is 7 a factor of 92333915?
False
Does 2 divide 15089013?
False
Does 553 divide 1296305277?
False
Is 55415048 a multiple of 962?
True
Does 1589 divide 1559640160?
False
Is 159 a factor of 3218478?
True
Does 89 divide 485922467?
True
Is 259735112 a multiple of 5416?
True
Is 40251402 a multiple of 1155?
False
Does 242 divide 45427030?
True
Is 3226 a factor of 3746805440?
True
Is 46566660 a multiple of 47?
True
Is 110658 a multiple of 19?
False
Does 324 divide 4495176?
True
Is 9 a factor of 2544593?
False
Is 116188921 a multiple of 3?
False
Does 2100 divide 121607721?
False
Is 1452233325 a multiple of 1581?
False
Does 881 divide 906610670?
True
Is 383888 a multiple of 9?
False
Does 78 divide 347137198?
False
Does 998 divide 1951421?
False
Is 115 a factor of 3710919752?
False
Is 2553120837 a multiple of 27?
True
Is 543777474 a multiple of 3717?
False
Is 209615434 a multiple of 3626?
True
Is 55 a factor of 5382795?
True
Does 5 divide 7600500?
True
Is 37 a factor of 172642?
True
Is 530 a factor of 169496376?
False
Is 2280 a factor of 110835854?
False
Is 110 a factor of 628403064?
False
Is 526471372 a multiple of 28?
True
Does 16 divide 23926304?
True
Is 203499494 a multiple of 19?
False
Is 4417870 a multiple of 5?
True
Is 13 a factor of 10970237?
False
Is 25 a factor of 261122710?
False
Is 4426397 a multiple of 73?
False
Is 301 a factor of 114193257?
False
Is 800896089 a multiple of 928?
False
Does 2120 divide 55869162?
False
Does 4 divide 315284484?
True
Is 64193062 a multiple of 422?
False
Is 2390076699 a multiple of 1336?
False
Does 66 divide 166569259?
False
Is 150 a factor of 242966891?
False
Is 33964140 a multiple of 329?
False
Does 209 divide 369267651?
False
Is 8216028 a multiple of 4?
True
Does 178 divide 74804856?
True
Is 474 a factor of 23230740?
True
Is 1017073484 a multiple of 476?
True
Is 20 a factor of 43987699?
False
Does 3886 divide 409424014?
False
Is 6848 a factor of 89636599?
False
Is 746796900 a multiple of 74?
True
Is 22 a factor of 106810252?
False
Is 8 a factor of 661008064?
True
Is 239324173 a multiple of 1693?
True
Is 8 a factor of 138838880?
True
Does 6959 divide 506482979?
True
Does 7 divide 208942846?
True
Does 14 divide 234810805?
False
Is 1205 a factor of 198186383?
False
Is 20530887 a multiple of 15?
False
Is 1924 a factor of 33649786?
False
Is 19 a factor of 5128920496?
True
Does 27 divide 25534386?
True
Does 22 divide 154577325?
False
Is 2086 a factor of 127254344?
True
Is 16 a factor of 1839414928?
True
Is 2502 a factor of 83211110?
False
Is 6412064 a multiple of 151?
True
Is 318365688 a multiple of 1812?
False
Does 5 divide 1222494?
False
Is 28 a factor of 103803672?
True
Is 131242009 even?
False
Is 335710248 a multiple of 503?
True
Does 2029 divide 2111719?
False
Is 54 a factor of 71239554?
True
Is 640315272 a multiple of 8?
True
Is 1577 a factor of 66541265?
False
Is 558 a factor of 1590928369?
False
Does 1025 divide 64085050?
True
Does 3585 divide 155022570?
True
Is 7 a factor of 157509435?
False
Is 68 a factor of 6319584?
False
Is 110 a factor of 111109130?
True
Does 1105 divide 225220833?
False
Is 135004367 a multiple of 2753?
True
Is 191632008 a multiple of 73?
True
Is 1339 a factor of 468577694?
True
Is 7 a factor of 355087901?
True
Does 3463 divide 120451465?
False
Is 119624404 a multiple of 122?
False
Is 21 a factor of 12882156?
True
Does 35 divide 7563430?
True
Is 200466172 a multiple of 13?
False
Does 63 divide 35106329?
False
Does 7 divide 16440144?
True
Does 773 divide 916374494?
True
Is 4559 a factor of 4275518590?
False
Is 393 a factor of 9759796?
False
Is 40800710 a multiple of 2?
True
Does 1239 divide 540882916?
False
Does 6996 divide 1361204724?
True
Does 11 divide 53151647?
False
Is 188595900 a multiple of 2421?
True
Does 178 divide 222070206?
False
Does 14 divide 5211581522?
True
Does 36 divide 47355804?
True
Does 9 divide 166681953?
True
Does 8 divide 2915617321?
False
Is 71 a factor of 319696031?
True
Is 1150875 a multiple of 22?
False
Is 351123551 a multiple of 13?
False
Is 14082 a factor of 865613175?
False
Does 836 divide 24803913?
False
Is 2 a factor of 240850?
True
Is 318738277 a multiple of 1208?
False
Is 2408 a factor of 19309752?
True
Is 62 a factor of 33610944?
True
Is 64319542 a multiple of 677?
False
Does 10 divide 1332079100?
True
Is 402346494 a multiple of 18?
True
Does 23 divide 1025423115?
False
Does 244 divide 112258544?
True
Does 770 divide 729392510?
True
Is 149974356 a multiple of 21?
True
Is 3995009744 a multiple of 9484?
False
Is 27311922 a multiple of 509?
True
Is 139452386 a multiple of 100?
False
Is 21 a factor of 365381919?
True
Is 433709083 a multiple of 22?
False
Does 63 divide 2861534695?
False
Is 2025 a factor of 6662250?
True
Is 63724977 a multiple of 29?
True
Does 202 divide 125162844?
False
Is 20578191 a multiple of 1344?
False
Does 601 divide 107587414?
True
Is 70 a factor of 15007174?
False
Is 59 a factor of 3821607?
True
Is 74749619 a multiple of 7?
True
Does 11 divide 26384171?
True
Does 56 divide 45173449?
False
Does 8 divide 153371136?
True
Does 2524 divide 70700029?
False
Is 39 a factor of 289590990?
True
Is 63702018 a multiple of 18?
True
Is 575434469 a multiple of 64?
False
Is 8590229 a multiple of 218?
False
Is 42282480 a multiple of 15?
True
Is 43744500 a multiple of 60?
True
Does 2678 divide 1514553612?
True
Is 131112707 a multiple of 4871?
True
Does 131 divide 567791896?
False
Is 2048 a factor of 13322240?
True
Is 1967 a factor of 89092269?
False
Is 42799185 a multiple of 15?
True
Is 40952745 a multiple of 51?
True
Is 35752040 a multiple of 1570?
True
Is 59846200 a multiple of 25?
True
Does 12 divide 1475859876?
True
Is 11792855 a multiple of 15?
False
Is 1615008 a multiple of 24?
True
Does 2398 divide 1762942988?
False
Is 270650336 a multiple of 341?
True
Is 7461534 a multiple of 70?
False
Is 230 a factor of 70963280?
True
Does 2558 divide 527118894?
False
Is 13 a factor of 43144153?
True
Is 35 a factor of 527859099?
False
Does 29 divide 635137096?
False
Is 25410658 a multiple of 4?
False
Does 1983 divide 54248931?
True
Is 866454783 a multiple of 104?
False
Is 20 a factor of 79765240?
True
Does 1897 divide 507695239?
False
Is 81938688 a multiple of 974?
False
Does 744 divide 487137720?
True
Is 1057 a factor of 8865983?
False
Is 673 a factor of 1577817?
False
Is 23 a factor of 7573900?
True
Does 5 divide 13462855?
True
Is 116746324 a multiple of 11?
False
Is 21939159 a multiple of 98?
False
Does 26 divide 35564698?
True
Is 643111710 a multiple of 10?
True
Does 80 divide 729135253?
False
Is 51 a factor of 2575510043?
False
Does 671 divide 514864?
False
Is 2132261116 a multiple of 5058?
False
Is 56748269 a multiple of 179?
False
Is 120 a factor of 185475240?
True
Is 41813377 a multiple of 7?
False
Is 16641897 a multiple of